nd 20603.
11
Calculate the greatest common factor of 107215 and 8405.
205
Calculate the highest common divisor of 1122 and 306.
102
What is the greatest common factor of 6132 and 77?
7
What is the greatest common divisor of 6164481 and 233?
233
What is the highest common factor of 5858 and 8989?
101
What is the greatest common divisor of 38 and 7974566?
38
What is the greatest common divisor of 9217 and 5122?
13
Calculate the highest common factor of 895 and 179.
179
What is the greatest common divisor of 129746 and 116?
58
Calculate the greatest common divisor of 56763 and 279.
9
What is the greatest common factor of 528 and 280668?
12
What is the greatest common divisor of 170165 and 5?
5
Calculate the greatest common divisor of 17278 and 1855.
53
What is the greatest common factor of 316532 and 8?
4
Calculate the greatest common divisor of 31 and 67921.
31
What is the greatest common factor of 2197085 and 9460?
2365
Calculate the highest common divisor of 145015 and 194.
97
Calculate the highest common divisor of 244 and 14335.
61
Calculate the highest common factor of 12181 and 7813.
13
Calculate the greatest common divisor of 66 and 776996.
22
What is the highest common divisor of 581235 and 15?
15
Calculate the greatest common divisor of 228 and 24111.
57
Calculate the highest common divisor of 160 and 188960.
160
What is the highest common divisor of 20297 and 2?
1
What is the highest common divisor of 529331 and 11?
11
Calculate the greatest common factor of 2319596 and 6992.
1748
Calculate the greatest common factor of 2425716 and 144.
36
Calculate the greatest common divisor of 3390 and 3616.
226
What is the greatest common divisor of 2114 and 14?
14
Calculate the highest common divisor of 28224 and 80.
16
Calculate the highest common factor of 303779 and 7.
7
What is the greatest common divisor of 44 and 293524?
44
What is the greatest common divisor of 583 and 16748?
53
What is the greatest common factor of 29688 and 4?
4
What is the highest common divisor of 286496 and 63?
7
What is the greatest common factor of 194688 and 4225?
169
What is the greatest common divisor of 2139 and 558?
93
What is the greatest common factor of 7395 and 26945?
85
What is the highest common divisor of 3206988 and 27?
9
What is the highest common factor of 18044 and 2808?
52
What is the highest common divisor of 15 and 563925?
15
What is the greatest common factor of 725 and 875?
25
Calculate the greatest common divisor of 621 and 864.
27
Calculate the greatest common factor of 5336 and 9016.
184
What is the highest common factor of 98 and 6615?
49
What is the greatest common divisor of 298794 and 228?
114
What is the greatest common factor of 263175 and 132?
33
Calculate the highest common factor of 8852 and 32.
4
What is the highest common factor of 53833 and 2665?
533
What is the greatest common divisor of 891 and 214632?
99
Calculate the greatest common divisor of 14562 and 126.
18
Calculate the highest common factor of 15602 and 10730.
58
What is the greatest common factor of 1978 and 168?
2
Calculate the greatest common factor of 3148 and 12.
4
Calculate the greatest common divisor of 4630 and 8797.
463
Calculate the greatest common divisor of 6 and 4244.
2
What is the greatest common factor of 55 and 4415015?
55
Calculate the greatest common factor of 1024204 and 1712.
428
Calculate the greatest common divisor of 350 and 15792.
14
What is the greatest common divisor of 409761 and 561?
33
What is the highest common divisor of 114 and 536?
2
What is the highest common factor of 260126 and 678?
226
Calculate the greatest common factor of 25070 and 655.
5
Calculate the highest common factor of 1245 and 615.
15
What is the highest common divisor of 43 and 452833?
43
What is the greatest common divisor of 3521529 and 1002?
501
What is the greatest common divisor of 165 and 941853?
33
What is the greatest common divisor of 432 and 21168?
432
Calculate the greatest common factor of 6384 and 16359.
399
What is the greatest common factor of 4318 and 1128014?
254
Calculate the greatest common factor of 1420 and 966665.
355
What is the highest common divisor of 11 and 803869?
11
What is the greatest common divisor of 53400 and 36?
12
Calculate the highest common divisor of 8349 and 151800.
759
Calculate the highest common divisor of 1199 and 4710871.
1199
What is the highest common factor of 2535 and 78?
39
What is the greatest common divisor of 224672 and 224?
224
What is the greatest common divisor of 62 and 77934?
62
Calculate the highest common divisor of 85 and 2098820.
85
Calculate the greatest common divisor of 2793 and 6441.
57
What is the greatest common factor of 613128 and 72?
24
Calculate the greatest common divisor of 18282 and 363.
33
Calculate the highest common factor of 95 and 135755.
95
What is the highest common factor of 88 and 685344?
88
Calculate the greatest common factor of 156 and 82901.
13
Calculate the greatest common divisor of 402 and 72561.
201
Calculate the greatest common divisor of 15 and 868935.
15
What is the greatest common factor of 1637089 and 41?
41
Calculate the highest common divisor of 291 and 2311.
1
Calculate the greatest common factor of 904 and 13108.
452
Calculate the greatest common factor of 42 and 1631973.
21
Calculate the greatest common divisor of 58 and 64583.
29
Calculate the greatest common factor of 27289 and 47991.
941
What is the greatest common divisor of 404 and 2222?
202
What is the greatest common divisor of 7042 and 28?
14
What is the highest common divisor of 11 and 177584?
11
Calculate the greatest common divisor of 41 and 483841.
41
What is the greatest common divisor of 49168 and 8176?
112
What is the highest common divisor of 5316002 and 34?
34
What is the greatest common divisor of 1364338 and 1790?
358
Calculate the greatest common divisor of 27 and 10791.
9
What is the highest common divisor of 58 and 648933?
29
What is the highest common factor of 2673 and 825?
33
Calculate the greatest common divisor of 19200 and 132750.
150
What is the greatest common factor of 8459 and 1617?
11
What is the greatest common factor of 1 and 244020?
1
What is the greatest common factor of 223 and 7445301?
223
Calculate the greatest common divisor of 1189176 and 120.
24
Calculate the highest common factor of 13720 and 15512.
56
What is the highest common divisor of 8645 and 38?
19
What is the greatest common divisor of 70 and 112672?
14
Calculate the highest common divisor of 100 and 17750.
50
What is the highest common factor of 2 and 68626?
2
What is the greatest common factor of 22304 and 24?
8
What is the greatest common divisor of 10 and 494480?
10
What is the highest common factor of 663298 and 738?
82
What is the highest common factor of 505 and 665?
5
Calculate the highest common divisor of 576 and 1296.
144
What is the highest common divisor of 59760 and 45?
45
What is the highest common factor of 728304 and 336?
48
Calculate the highest common factor of 50462 and 184.
46
What is the highest common divisor of 320 and 164420?
20
What is the highest common divisor of 1207 and 272?
17
Calculate the greatest common divisor of 1677 and 291239.
559
What is the highest common factor of 92093 and 68894?
703
Calculate the greatest common factor of 21632 and 320.
64
What is the highest common factor of 4305 and 210?
105
What is the highest common divisor of 288 and 4544544?
96
What is the greatest common divisor of 142079 and 14?
7
Calculate the greatest common divisor of 3441 and 13981.
31
What is the greatest common factor of 205 and 130?
5
Calculate the greatest common factor of 185906 and 7546.
686
Calculate the greatest common factor of 26168 and 64.
8
Calculate the greatest common factor of 99 and 5931.
9
Calculate the greatest common divisor of 289595 and 85.
85
Calculate the highest common divisor of 47554 and 31.
31
Calculate the greatest common factor of 195794 and 1784.
446
What is the highest common divisor of 52 and 33358?
26
What is the greatest common factor of 199 and 3334444?
199
Calculate the greatest common factor of 9228 and 11724.
12
What is the greatest common factor of 176 and 12176?
16
Calculate the greatest common factor of 78 and 106041.
39
Calculate the greatest common divis